 3*h - 2. Let u be (-118)/(-2) + (-1 - -3). Let l = u - 24. Calculate the remainder when l is divided by t(4).
7
Suppose -5*m - 52 = -7*m. Calculate the remainder when m is divided by 14.
12
Suppose 4 + 26 = 5*o. Suppose 5*p - 92 + 7 = 0. What is the remainder when p is divided by o?
5
Suppose 0 = 2*m - 10, -2*k + m = -29 - 78. Suppose 0*z + 19 = z. Calculate the remainder when k is divided by z.
18
Suppose 0 = -2*s + 5*d + 22, 3*s + 2*d + 6 = s. Let y be s*7 - (0 - -1). Calculate the remainder when y/(-15) - 54/(-10) is divided by 3.
2
Let v = 18 + -7. Let y = 54 - 28. Let m = 47 - y. What is the remainder when m is divided by v?
10
What is the remainder when 116 is divided by ((-4)/(8/6))/(3/(-9))?
8
Suppose -54 = -3*o + 72. Let b(g) = -2*g**2 + 1. Let m be b(-3). Let u = 5 - m. What is the remainder when o is divided by u?
20
Let u(s) = 2*s**2 + 38*s - 15. Calculate the remainder when 97 is divided by u(-20).
22
Let a be (-3)/(-9) - (-22)/6. Suppose a*f - 96 = -2*p, 0 = -2*f + 4*p + 20 + 18. What is the remainder when f is divided by 12?
11
Suppose -3*b - 644 = -10*b. Calculate the remainder when b is divided by 24.
20
Let z be (-11)/33 - 58/6. What is the remainder when (-1)/(-2) + (-435)/z is divided by 15?
14
Suppose 4*z = 9 - 1. Let v = 114 + -65. Let w = v - z. What is the remainder when w is divided by 16?
15
Suppose 7*p - 4*p = 270. Suppose p = -a + 2*a. Suppose 0 = z + z - a. What is the remainder when z is divided by 12?
9
Let w(x) = -x**3 + 9*x**2 - 11*x + 4. What is the remainder when 98 is divided by w(7)?
23
Suppose 3*x - 44 = -4*f, -f = -2*x + x - 4. Let s(d) = d**3 + 4*d**2 + 3*d + 3. What is the remainder when f is divided by s(-3)?
2
Let t = 15 + 6. Let z(p) = p**3 + 5*p**2 - p - 5. Let g be z(-5). Suppose -3*q - q + 44 = g. Calculate the remainder when t is divided by q.
10
Suppose -j = -3*j - 60. Let c = -6 - j. Let w = -4 + 17. Calculate the remainder when c is divided by w.
11
Suppose 14 = p - 45. What is the remainder when p is divided by 15?
14
Let r = 23 + 24. What is the remainder when r is divided by 8?
7
Let l(f) = -f**3 + 6*f**2 + 4*f + 5. Let k be l(5). Suppose -2*n = 3*n - k. Let q(b) = 39*b**2 + b - 2. Calculate the remainder when q(1) is divided by n.
8
Suppose -78 = -2*p - 4*y, -2*p - 2*p + y + 129 = 0. Suppose b - 5*s - 14 = 13, 3*s - 27 = -3*b. What is the remainder when p is divided by b?
9
Suppose -1 = -j + 12. Suppose 5*i = 4*i, b = 5*i + j. Calculate the remainder when 25 is divided by b.
12
Let w be 6/4*(-16)/(-12). Let g(j) = -j**3 - 4*j**2 - 4*j - 6. What is the remainder when g(-4) is divided by w/2 + -2 + 5?
2
Let j = -40 + 63. What is the remainder when j is divided by 5?
3
Suppose 58 = 5*d - 47. Suppose -4*s = -7*s + 120. What is the remainder when s is divided by d?
19
Let h = 80 + -66. Calculate the remainder when 96 is divided by h.
12
Let k = -16 + 26. What is the remainder when k is divided by 4?
2
Suppose 21 + 17 = 2*b. Let h be (-2 - 0)/1 - -25. Suppose 2*q + 8*c - 19 = 3*c, -3*q = 2*c - h. What is the remainder when b is divided by q?
5
Let j = -3 + 7. Suppose -i - 5*l = -22, -j*l = 2*i + 2*i - 40. Suppose 4 = 4*f - 76. Calculate the remainder when f is divided by i.
6
Calculate the remainder when (32/48)/(-2*1/(-216)) is divided by 25.
22
Suppose 3*r = 7*r - 176. Let n = -14 + 29. What is the remainder when r is divided by n?
14
Suppose -2*b - 1 + 5 = 0. Let t(m) = -m**2 + 2. Calculate the remainder when b is divided by t(0).
0
Suppose 0 = 3*o - 6*o + 87. Suppose 5*k - 36 = 164. Let y = k - 25. What is the remainder when o is divided by y?
14
Let j(g) = -g - 1. Let p be j(-5). Suppose -5*x + p*x = -7. Calculate the remainder when x is divided by 1*(1 + -2 - -5).
3
Let r = -2 + 5. Suppose 8*y - 3*w - 137 = 3*y, y - 13 = -r*w. Let j = 28 - 19. What is the remainder when y is divided by j?
7
Suppose 0*u - 5*u + 20 = 0. Suppose 15 = u*k - 5, -m - 5*k = -71. Suppose 3*j = 5*q - m, -3*j - 4 = -j. What is the remainder when 22 is divided by q?
6
Suppose 55 = 9*m + 19. What is the remainder when 5 is divided by m?
1
Suppose -2*h + 5*q = -18, h + 8 = 2*h - 2*q. Let g = 88 - 11. Suppose 0 = -h*x - j + g, 3*x = 5*j - 0*j + 52. What is the remainder when 36 is divided by x?
17
What is the remainder when 127/5 - (-2)/(-5) is divided by 14?
11
Suppose 41 = 4*n + 2*c - 11, -2*n + 26 = -2*c. What is the remainder when 49 is divided by n?
10
Let v be -1 + (-3)/(-6)*-4. Let r = v + 46. What is the remainder when r is divided by 15?
13
Let y be -2 + -2 + 2 - -4. Suppose y*c + 6 + 6 = 0. What is the remainder when (-2)/c - 520/(-15) is divided by 18?
17
Let w(a) = -a**3 - 6*a**2 + 2*a - 10. Let k(x) = 2*x + 11. Let f be k(-9). Calculate the remainder when w(f) is divided by 7.
4
Let j(b) = 2*b**2 + 2*b + 5. What is the remainder when 48 is divided by j(-3)?
14
Let y(h) = h**3 - 7*h**2 - 7*h + 7. Let k = 13 + -5. Calculate the remainder when 57 is divided by y(k).
12
Suppose 0 = -3*k - 6 - 3. Let j(h) = -h**3 - 4*h**2 - 4*h. Let d be j(k). Suppose d*n - 10 = -r, 0*n = n. What is the remainder when r is divided by 6?
4
Suppose -115 = w - 235. Calculate the remainder when w is divided by 18.
12
Calculate the remainder when 77 is divided by (-164)/(-8) - (2/4)/1.
17
Let p = -127 - -424. Calculate the remainder when p is divided by 12.
9
Suppose 2*r = 2*t + 8, r + 2*t + 10 = 4*r. Calculate the remainder when 243/15 + r/(-10) is divided by 6.
4
Suppose 3*s + 5*d - 64 = d, -2*s + 48 = 4*d. Let j = -119 - -180. What is the remainder when j is divided by s?
13
Let d(b) = -6*b - 5. Suppose k + 45 = 5*m, -3*k - 2*k = -m + 9. What is the remainder when d(-5) is divided by m?
7
Suppose -19 = -5*s - 4. Suppose m + s*m = 2*w - 6, w + 4*m + 3 = 0. Let v = w + 1. Calculate the remainder when 5 is divided by v.
1
Let j(n) = n**3 + 43*n**2 + 35*n - 208. What is the remainder when j(-42) is divided by (-2)/(-3) + (-64)/(-3)?
20
Let x = 93 + -50. Calculate the remainder when x is divided by 9.
7
Let q(g) = g**2 + g - 2. Calculate the remainder when 17 is divided by q(-4).
7
Suppose -3 = -4*b + 13. What is the remainder when 23 is divided by b?
3
Calculate the remainder when 37 is divided by 1/((-5)/(-115)) + -2.
16
Let u = 38 + -21. What is the remainder when 33 is divided by u?
16
Let k(g) be the third derivative of -g**5/60 + 5*g**4/12 - 2*g**3/3 + 2*g**2. What is the remainder when k(9) is divided by 4?
1
Let g be (-18)/(-2) - (-5 - -3). Let i = g + 47. What is the remainder when i is divided by 20?
18
Suppose -m - 188 = -6*m - s, -2*s - 105 = -3*m. What is the remainder when m is divided by 15?
7
Let c = 7 + -21. Let k = -23 - 8. Let i = c - k. What is the remainder when i is divided by 5?
2
Let n = 34 + -20. Suppose -2*o + o + 2*b = -7, -5*b + 10 = 0. Let s = -6 + o. Calculate the remainder when n is divided by s.
4
Let l(j) = -j**3 - j**2 + j + 2. Suppose -3*t = 95 + 148. Let v = -32 - t. Calculate the remainder when v is divided by l(-3).
15
Suppose -t + 6 = -11. Let u = t - 12. Calculate the remainder when 8 is divided by u.
3
Suppose 0*n - 2*n = -18. Calculate the remainder when 35 is divided by n.
8
What is the remainder when 6/(2/(-92)*-4) is divided by (-4 - (-3 - -1)) + 26?
21
Suppose w + 12 - 77 = 0. What is the remainder when w is divided by -4*(-1 - (-26)/(-8))?
14
Let b(p) = p**3 + 3*p**2 - 2*p. Let k be b(2). Suppose 7*a = 3*a - k. Calculate the remainder when 16 is divided by (9/a)/((-4)/16).
7
Let b(k) = k**2 - 5*k - 5. Calculate the remainder when b(-3) is divided by 11.
8
Let v(i) = 2*i**3 + 25*i**2 - 14*i - 2. What is the remainder when v(-13) is divided by 4?
3
Let u = -149 - -168. Let x(z) = 12*z**2 - z. Calculate the remainder when u is divided by x(1).
8
Suppose -5*b - 4*g + 186 = 0, -g + 1 = -2*b + 78. Calculate the remainder when b is divided by 13.
12
Let k be -5*3/15*-3. Suppose u + k = -4*o - 1, -u = o + 1. Calculate the remainder when 58/(1 - (0 + o)) is divided by 10.
9
Suppose -5*a = 3*l - 231, 6*a - 2*a = 3*l + 174. What is the remainder when a is divided by 23?
22
Let t = 24 + -39. What is the remainder when 3/t - (-96)/5 is divided by 7?
5
What is the remainder when 23 is divided by (-12)/5*30/(-9)?
7
Let b(c) = 2*c**3 - 6*c**2 + 6*c + 1. What is the remainder when 35 is divided by b(